late l(-2).
-10
Let w(u) = 2*u**3 + u**2 - u - 5. Calculate w(-2).
-15
Let v(j) = -j**3 - 12*j**2 + 15*j + 5. Give v(-13).
-21
Let h(a) = -a**2 - 3*a - 6. What is h(-2)?
-4
Let o(i) = i**2 - 5*i - 6. Calculate o(-2).
8
Let j(a) = a - 11. What is j(9)?
-2
Let t(b) = b - 1. Calculate t(-5).
-6
Let s(n) = -n**3 + 8*n**2 + 9*n + 7. Determine s(9).
7
Let g(o) = -5*o**3 + 2*o**2 - 2*o. Give g(1).
-5
Let g(j) = j**3 + 15*j**2 + 11*j + 438. Give g(-16).
6
Let r(i) = -45*i - 140. Give r(-3).
-5
Let v(r) = -r**2 - 14*r - 3. Determine v(-6).
45
Let n(o) = -3*o**2 + 16*o + 4. Give n(4).
20
Let s(v) = -v**2 + 8*v - 5. What is s(1)?
2
Let a(w) = w - 17. Give a(9).
-8
Let b(g) = -6*g - 9. Determine b(0).
-9
Let w(y) = -y**3 + 14*y**2 + 18*y + 2. Determine w(15).
47
Let g(c) = c**2 + 6*c + 1. Determine g(-7).
8
Let p(n) = -n**3 + n**2 + n - 1. Calculate p(-2).
9
Let d(b) = -3*b - 2. What is d(3)?
-11
Let p(v) = v**3 - 4*v**2 - 3*v - 1. Give p(6).
53
Let c(l) = -l**3 - 10*l**2 - 15*l + 11. Determine c(-8).
3
Let v(r) = r**3 - 20*r**2 - 20*r - 18. What is v(21)?
3
Let v(f) = f**3 - f**2 - f + 15. Give v(0).
15
Let f(i) = -i**3 + 5*i**2 - 6. Give f(2).
6
Let t(f) = f**3 + 7*f**2 + 5*f + 5. Determine t(-5).
30
Let a(n) = -n**2 - 13*n - 11. Calculate a(-12).
1
Let l(b) = 4*b**2 - 3*b + 6. Give l(3).
33
Let i(q) = q**2 - 3*q + 4. Calculate i(3).
4
Let q(w) = -w**2 + 15*w + 98. Determine q(20).
-2
Let f(t) = -2*t. What is f(-5)?
10
Let c(v) = -5*v**2 + 151*v - 22. Calculate c(30).
8
Let j(b) = -b**3 + 18*b**2 + 21*b - 24. Give j(19).
14
Let z(h) = h**3 + 4*h**2 - 2. What is z(-2)?
6
Let h(o) = -o - 2. Give h(-19).
17
Let u(s) = -s - 10. What is u(-6)?
-4
Let v(h) = -h**2 + 12*h + 30. Calculate v(13).
17
Let t(a) = a**2 + 4*a + 6. What is t(-4)?
6
Let s(n) = -n**2 - 19*n - 76. Give s(-13).
2
Let t(r) = r**3 - 4*r**2 - r - 2. Calculate t(4).
-6
Let o(l) = -4*l - 151. Calculate o(-38).
1
Let i(s) = s**3 - 6*s**2 - 22*s - 51. Determine i(9).
-6
Let w(y) = -30*y + 88. Determine w(3).
-2
Let m(g) = -2*g + 7. Give m(-9).
25
Let y(i) = i**3 - 37*i**2 + 3*i - 61. Calculate y(37).
50
Let r(l) = 79*l - 472. Give r(6).
2
Let y(j) = j**2 + 15*j + 63. Determine y(-9).
9
Let t(s) = 2*s + 27. Calculate t(17).
61
Let n(k) = -k**3 - 6*k**2 - 7*k - 6. Calculate n(-6).
36
Let n(t) = t**2 + 21*t - 593. Determine n(16).
-1
Let w(g) = -g - 1. Determine w(4).
-5
Let g(z) = -z**3 - 11*z**2 - 19*z + 15. Calculate g(-8).
-25
Let v(r) = -22*r**2 + r + 1. Give v(-1).
-22
Let n(q) = q**3 - 3*q + 1. Calculate n(2).
3
Let z(t) = t - 13. Calculate z(7).
-6
Let j(o) = -o**3 - 13*o**2 - 2*o - 18. Determine j(-13).
8
Let u(y) = -2*y**2 - 4*y + 6. What is u(-5)?
-24
Let z(u) = u**3 + 11*u**2 + 8*u - 20. Give z(-10).
0
Let i(m) = -m + 18. What is i(12)?
6
Let g(c) = c**3 + 5*c**2 + 3*c + 22. What is g(-5)?
7
Let a(s) = -s**3 - 21*s**2 + 44*s - 38. Determine a(-23).
8
Let i(s) = -s**2 - s - 25. What is i(0)?
-25
Let n(o) = o**3 + 4*o**2 - 7*o + 1. Determine n(-6).
-29
Let c(l) = 73*l - 296. What is c(4)?
-4
Let f(g) = 204*g**2 - 2*g - 1. Determine f(-1).
205
Let h(w) = -w**2 + w. What is h(1)?
0
Let r(d) = d - 4. Calculate r(7).
3
Let a(u) = u**3 - 10*u**2 + 10*u + 2. Determine a(9).
11
Let x(q) = q**2 - 27*q - 96. Calculate x(30).
-6
Let c(x) = -x + 4. Determine c(-3).
7
Let x(t) = -4*t. What is x(9)?
-36
Let n(z) = z**2 + 12*z + 14. What is n(-12)?
14
Let o(q) = -q**2 + 27*q - 108. What is o(22)?
2
Let h(r) = -5*r**2 - 56*r - 10. What is h(-11)?
1
Let n(h) = 4*h + 32. What is n(-7)?
4
Let b(o) = 2*o - 3. What is b(2)?
1
Let v(j) = 74*j + 12. Determine v(2).
160
Let p(j) = -3*j**3 + j**2 + 8*j - 7. Calculate p(3).
-55
Let v(k) = k**3 + 7*k**2 - 7*k - 14. What is v(-7)?
35
Let y(o) = o**3 - 8*o**2 - 22*o - 10. Calculate y(10).
-30
Let j(c) = 8*c + 8. Determine j(-9).
-64
Let n(y) = 18*y**2 - y + 2. What is n(-2)?
76
Let p(b) = b**3 - 6*b**2 + 5*b + 5. Determine p(5).
5
Let r(q) = -q**3 - 7*q**2 + 22*q + 30. Give r(-9).
-6
Let i(v) = -2*v**2 + 7*v - 6. What is i(6)?
-36
Let n(l) = -l**3 - 8*l**2 - 9*l - 3. What is n(-7)?
11
Let o(a) = -a + 16. Give o(11).
5
Let j(r) = -r**3 - 9*r**2 - 2*r + 3. Calculate j(-8).
-45
Let a(f) = -2*f**2 - 4*f + 6. Calculate a(-3).
0
Let m(i) = -5*i + 62. What is m(12)?
2
Let t(v) = -v**3 + 5*v**2 + 9*v - 5. Calculate t(7).
-40
Let m(t) = 2*t**2 - 10*t + 9. What is m(5)?
9
Let t(m) = m**2 - 13*m - 22. Give t(15).
8
Let s(u) = -u**2 + 8*u - 45. Determine s(7).
-38
Let b(w) = w**2 + 8*w + 5. What is b(-6)?
-7
Let a(f) = 10*f**2 + f + 1. Calculate a(-1).
10
Let w(n) = 11*n + 2. Give w(2).
24
Let y(x) = 3*x + 8. Calculate y(8).
32
Let t(q) = -q**3 + 4*q**2 - 3*q - 4. Calculate t(4).
-16
Let n(j) = -j**3 - 43*j**2 - 157*j - 40. Determine n(-39).
-1
Let j(y) = 2*y + 27. Give j(-13).
1
Let q(a) = -a**3 - a**2 + 10. Calculate q(0).
10
Let g(o) = -6*o - 44. Calculate g(10).
-104
Let g(j) = -2*j - 47. Determine g(-15).
-17
Let z(q) = -17*q - 14. Give z(-5).
71
Let x(m) = -m**3 + 8*m**2 + 9*m - 10. Determine x(8).
62
Let m(s) = -s**2 - s - 22. Determine m(0).
-22
Let o(i) = i**3 - 3*i**2 + 2*i - 5. Give o(4).
19
Let p(u) = 3*u - 25. Calculate p(12).
11
Let u(o) = o**3 - 13*o**2 + 8*o - 16. What is u(12)?
-64
Let k(c) = -c**3 - 4*c**2 + c - 18. Determine k(0).
-18
Let k(x) = -x**3 - 4*x**2 - 3*x + 6. What is k(-3)?
6
Let l(o) = -o**2 + 13*o - 12. Give l(13).
-12
Let t(d) = -2*d - 28. Calculate t(-13).
-2
Let f(j) = -3*j**3 + 4*j**2 - 5*j + 4. What is f(4)?
-144
Let k(n) = -n**2 - 5*n - 6. What is k(-3)?
0
Let d(c) = -c - 5. Determine d(0).
-5
Let k(f) = -f**2 - 9*f + 6. Give k(-9).
6
Let z(u) = -u**3 - 7*u**2 + u + 12. Give z(-6).
-30
Let w(l) = l**3 - 4*l**2 - 3*l + 4. Calculate w(5).
14
Let m(u) = -u**3 - 42*u**2 - 80*u - 13. What is m(-40)?
-13
Let c(o) = -2*o**2 + 7*o - 16. Determine c(2).
-10
Let b(q) = 2*q + 3. What is b(5)?
13
Let l(a) = -8*a - 106. Give l(-13).
-2
Let h(o) = o**2 - 37. What is h(0)?
-37
Let w(n) = n + 6. Give w(-11).
-5
Let c(h) = -5*h**3 - h**2 + 1. What is c(-1)?
5
Let g(s) = 2*s + 63. Give g(-13).
37
Let b(p) = -p**3 - 3*p**2 + 4*p - 1. Determine b(3).
-43
Let u(q) = q**3 + 10*q**2 - 13*q - 15. Determine u(-11).
7
Let n(b) = -78*b - 634. Calculate n(-8).
-10
Let k(y) = y**2 + 6*y - 2. What is k(-7)?
5
Let n(f) = f**3 - f**2 + 2*f - 3. Give n(2).
5
Let a(n) = -8*n - 104. Give a(-4).
-72
Let l(z) = -z - 50. Calculate l(-53).
3
Let s(g) = -5*g + 35. Determine s(8).
-5
Let x(c) = c**2 - 2*c + 44. Give x(0).
44
Let a(k) = -2*k**2 + 12*k - 10. Give a(7).
-24
Let z(u) = -20*u. What is z(1)?
-20
Let y(c) = -4*c - 66. Calculate y(-10).
-26
Let m(v) = -v**2 - 4*v. Determine m(-5).
-5
Let o(r) = -r**3 - 14*r**2 + 4*r + 223. What is o(-13)?
2
Let q(x) = -10*x - 12. Calculate q(1).
-22
Let z(j) = -2*j**2 + 50*j - 102. Give z(2).
-10
Let y(a) = 8*a + 19. Give y(-4).
-13
Let n(p) = -7*p + 42. What is n(10)?
-28
Let p(m) = m**3 + 29*m**2 + 139*m + 20. Calculate p(-23).
-3
Let s(u) = -45*u**2 + 2*u - 1. Give s(1).
-44
Let f(h) = h**2 - 9*h + 13. Calculate f(6).
-5
Let x(u) = -u**2 - 14*u - 10. Determine x(-11).
23
Let m(b) = -79*b + 16. What is m(2)?
-142
Let s(h) = -h**3 + 2*h**2 + 2*h - 1. Calculate s(2).
3
Let r(m) = -m**3 + 5*m**2 - 7*m + 9. Give r(3).
6
Let o(p) = 12*p + 62. Calculate o(-5).
2
Let d(u) = -2*u - 37. Calculate d(-15).
-7
Let f(p) = 2*p**2 + 7*p - 2. Give f(-5).
13
Let c(r) = -r**3 + 6*r**2 + 6*r - 13. Calculate c(4).
43
Let t(i) = -2*i**2 - 41*i - 88. Calculate t(-18).
2
Let h(b) = -b**2 + 6. Calculate h(-6).
-30
Let c(u) = -2*u**3 - 9*u**2 + 4*u + 9. Calculate c(-4).
-23
Let m(c) = c**3 - 8*c + 10. What is m(4)?
42
Let l(m) = 6*m**2 + 12*m. Give l(-2).
0
Let c(m) = m**2 - 16*m + 28. Determine c(12).
-20
Let y(c) = -c**3 + 6*c**2 - 3*c - 1. Calculate y(5).
9
Let s(z) = z**2 + 13*z + 21. Calculate s(-11).
-1
Let d(f) = -8*f**2 + 24*f + 6. Give d(3).
6
Let c(m) = m**2 - 8*m + 16. Determine c(7).
9
Let t(m) = m**2 + 3*m + 3. Give t(-3).
3
Let a(m) = 44*m + 269. Calculate a(-6).
5
Let s(q) = q**3 - 7*q**2 - 2*q + 62. Determine s(6).
14
Let s(r) = r**3 + 7*r**2 - 17*r + 18. Calculate s(-9).
9
Let a(w) = 2*w**2 + 4*w + 6. Give a(5).
76
Let u(q) = q - 9. What is u(11)?
2
Let p(j) = -2*j - 47. Determine p(-21).
-5
Let p(b) = -b - 25. Give p(11).
-36
Let o(j) = 